{"id":3361,"date":"2024-08-14T22:02:16","date_gmt":"2024-08-14T20:02:16","guid":{"rendered":"https:\/\/poledancebeziers.com\/?page_id=3361"},"modified":"2025-08-03T11:43:16","modified_gmt":"2025-08-03T09:43:16","slug":"inscription-2","status":"publish","type":"page","link":"https:\/\/poledancebeziers.com\/index.php\/inscription-2\/","title":{"rendered":"Inscription"},"content":{"rendered":"<p>[vc_row][vc_column][vc_single_image image=\u00a0\u00bb5626&Prime; img_size=\u00a0\u00bbfull\u00a0\u00bb alignment=\u00a0\u00bbcenter\u00a0\u00bb][\/vc_column][\/vc_row][vc_row][vc_column][\/vc_column][\/vc_row][vc_row][vc_column css=\u00a0\u00bb.vc_custom_1723711047973{margin-top: 15px !important;}\u00a0\u00bb][vc_btn title=\u00a0\u00bbJe remplis le formulaire\u00a0\u00bb color=\u00a0\u00bbviolet\u00a0\u00bb align=\u00a0\u00bbcenter\u00a0\u00bb i_align=\u00a0\u00bbright\u00a0\u00bb i_icon_fontawesome=\u00a0\u00bbfar fa-laugh-wink\u00a0\u00bb add_icon=\u00a0\u00bbtrue\u00a0\u00bb link=\u00a0\u00bburl:https%3A%2F%2Fforms.office.com%2Fe%2FVFKsvkRnXL%3Forigin%3DlprLink|target:_blank\u00a0\u00bb][\/vc_column][\/vc_row][vc_row][vc_column][vc_column_text]<span style=\"color: #383f47;\">Profitez de cette occasion pour consulter d\u00e8s \u00e0 pr\u00e9sent <span style=\"color: #968cbe;\"><a style=\"color: #968cbe;\" href=\"https:\/\/poledancebeziers.com\/wp-content\/uploads\/2024\/08\/Conditions-generales-de-vente.pdf\" target=\"_blank\" rel=\"noopener\">les conditions g\u00e9n\u00e9rales de vente<\/a><\/span> et <span style=\"color: #968cbe;\"><a style=\"color: #968cbe;\" href=\"https:\/\/poledancebeziers.com\/wp-content\/uploads\/2024\/08\/Reglement-interieur.pdf\" target=\"_blank\" rel=\"noopener\">le r\u00e8glement int\u00e9rieur<\/a><\/span> de L&rsquo;Atelier de Manon.\u00a0<\/span>[\/vc_column_text][\/vc_column][\/vc_row]<\/p>\n","protected":false},"excerpt":{"rendered":"<p>[vc_row][vc_column][vc_single_image image=\u00a0\u00bb5626&Prime; img_size=\u00a0\u00bbfull\u00a0\u00bb alignment=\u00a0\u00bbcenter\u00a0\u00bb][\/vc_column][\/vc_row][vc_row][vc_column][\/vc_column][\/vc_row][vc_row][vc_column css=\u00a0\u00bb.vc_custom_1723711047973{margin-top: 15px !important;}\u00a0\u00bb][vc_btn title=\u00a0\u00bbJe remplis le formulaire\u00a0\u00bb color=\u00a0\u00bbviolet\u00a0\u00bb align=\u00a0\u00bbcenter\u00a0\u00bb i_align=\u00a0\u00bbright\u00a0\u00bb i_icon_fontawesome=\u00a0\u00bbfar fa-laugh-wink\u00a0\u00bb add_icon=\u00a0\u00bbtrue\u00a0\u00bb link=\u00a0\u00bburl:https%3A%2F%2Fforms.office.com%2Fe%2FVFKsvkRnXL%3Forigin%3DlprLink|target:_blank\u00a0\u00bb][\/vc_column][\/vc_row][vc_row][vc_column][vc_column_text]Profitez de cette occasion pour consulter d\u00e8s \u00e0 pr\u00e9sent les conditions g\u00e9n\u00e9rales de vente et le r\u00e8glement int\u00e9rieur de L&rsquo;Atelier de Manon.\u00a0[\/vc_column_text][\/vc_column][\/vc_row]<\/p>\n","protected":false},"author":1,"featured_media":0,"parent":0,"menu_order":0,"comment_status":"closed","ping_status":"closed","template":"","meta":{"footnotes":""},"class_list":["post-3361","page","type-page","status-publish","hentry"],"_links":{"self":[{"href":"https:\/\/poledancebeziers.com\/index.php\/wp-json\/wp\/v2\/pages\/3361","targetHints":{"allow":["GET"]}}],"collection":[{"href":"https:\/\/poledancebeziers.com\/index.php\/wp-json\/wp\/v2\/pages"}],"about":[{"href":"https:\/\/poledancebeziers.com\/index.php\/wp-json\/wp\/v2\/types\/page"}],"author":[{"embeddable":true,"href":"https:\/\/poledancebeziers.com\/index.php\/wp-json\/wp\/v2\/users\/1"}],"replies":[{"embeddable":true,"href":"https:\/\/poledancebeziers.com\/index.php\/wp-json\/wp\/v2\/comments?post=3361"}],"version-history":[{"count":29,"href":"https:\/\/poledancebeziers.com\/index.php\/wp-json\/wp\/v2\/pages\/3361\/revisions"}],"predecessor-version":[{"id":5627,"href":"https:\/\/poledancebeziers.com\/index.php\/wp-json\/wp\/v2\/pages\/3361\/revisions\/5627"}],"wp:attachment":[{"href":"https:\/\/poledancebeziers.com\/index.php\/wp-json\/wp\/v2\/media?parent=3361"}],"curies":[{"name":"wp","href":"https:\/\/api.w.org\/{rel}","templated":true}]}}