{"id":2668,"date":"2020-11-25T13:54:08","date_gmt":"2020-11-25T12:54:08","guid":{"rendered":"https:\/\/poledancebeziers.com\/?page_id=2668"},"modified":"2025-01-13T21:21:58","modified_gmt":"2025-01-13T20:21:58","slug":"le-studio","status":"publish","type":"page","link":"https:\/\/poledancebeziers.com\/index.php\/le-studio\/","title":{"rendered":"L&rsquo;atelier"},"content":{"rendered":"<p>[vc_row][vc_column][vc_column_text]<\/p>\n<h1><span style=\"color: #cb977f;\">L&rsquo;atelier<\/span><\/h1>\n<p>[\/vc_column_text][\/vc_column][\/vc_row][vc_row css=\u00a0\u00bb.vc_custom_1622469627611{margin-top: 20px !important;}\u00a0\u00bb][vc_column][vc_images_carousel images=\u00a0\u00bb3608,3607,3606,3609,3610,3615,3611,3614,3612,3613&Prime; img_size=\u00a0\u00bbfull\u00a0\u00bb speed=\u00a0\u00bb2000&Prime; autoplay=\u00a0\u00bbyes\u00a0\u00bb wrap=\u00a0\u00bbyes\u00a0\u00bb][\/vc_column][\/vc_row][vc_row css=\u00a0\u00bb.vc_custom_1608216194489{padding-top: 30px !important;}\u00a0\u00bb][vc_column][vc_column_text]<\/p>\n<div class=\"flex-shrink-0 flex flex-col relative items-end\">\n<div>\n<div class=\"pt-0\">\n<div class=\"gizmo-bot-avatar flex h-8 w-8 items-center justify-center overflow-hidden rounded-full\">\n<p class=\"relative p-1 rounded-sm flex items-center justify-center bg-token-main-surface-primary text-token-text-primary h-8 w-8\"><span style=\"color: #968cbe;\"><strong>L&rsquo;Atelier de Manon<\/strong><\/span><span style=\"color: #383f47;\">, \u00e0 seulement 5 minutes du centre-ville de B\u00e9ziers, au c\u0153ur de la ZAC Mercorent, est le plus grand studio du sud de la France.<\/span><\/p>\n<\/div>\n<\/div>\n<\/div>\n<\/div>\n<p>[\/vc_column_text][vc_btn title=\u00a0\u00bbD\u00e9couvrez le planning\u00a0\u00bb color=\u00a0\u00bbmulled-wine\u00a0\u00bb align=\u00a0\u00bbcenter\u00a0\u00bb link=\u00a0\u00bburl:https%3A%2F%2Fpoledancebeziers.com%2Findex.php%2Fplanning%2F|title:D%C3%A9couvrez%20le%20planning|target:_blank\u00a0\u00bb css=\u00a0\u00bb.vc_custom_1730582765541{margin-top: 20px !important;}\u00a0\u00bb][\/vc_column][\/vc_row][vc_row css=\u00a0\u00bb.vc_custom_1736799504432{margin-right: 15px !important;padding-top: 30px !important;}\u00a0\u00bb][vc_column width=\u00a0\u00bb1\/4&Prime;][vc_single_image image=\u00a0\u00bb3873&Prime; alignment=\u00a0\u00bbcenter\u00a0\u00bb][vc_column_text]<\/p>\n<p style=\"text-align: center;\"><span style=\"color: #383f47;\">15 barres<\/span><\/p>\n<p>[\/vc_column_text][\/vc_column][vc_column width=\u00a0\u00bb1\/4&Prime;][vc_single_image image=\u00a0\u00bb3871&Prime; alignment=\u00a0\u00bbcenter\u00a0\u00bb][vc_column_text]<\/p>\n<p style=\"text-align: center;\"><span style=\"color: #383f47;\">5 hamacs<\/span><\/p>\n<p>[\/vc_column_text][\/vc_column][vc_column width=\u00a0\u00bb1\/4&Prime;][vc_single_image image=\u00a0\u00bb3875&Prime; alignment=\u00a0\u00bbcenter\u00a0\u00bb][vc_column_text]<\/p>\n<p style=\"text-align: center;\"><span style=\"color: #383f47;\">5 cerceaux<\/span><\/p>\n<p>[\/vc_column_text][\/vc_column][vc_column width=\u00a0\u00bb1\/4&Prime;][vc_single_image image=\u00a0\u00bb3876&Prime; alignment=\u00a0\u00bbcenter\u00a0\u00bb][vc_column_text]<\/p>\n<p style=\"text-align: center;\"><span style=\"color: #383f47;\">3 salles spacieuses<\/span><\/p>\n<p>[\/vc_column_text][\/vc_column][\/vc_row][vc_row css=\u00a0\u00bb.vc_custom_1608216194489{padding-top: 30px !important;}\u00a0\u00bb][vc_column][vc_column_text]<\/p>\n<div class=\"flex-shrink-0 flex flex-col relative items-end\">\n<div class=\"pt-0\">\n<div class=\"gizmo-bot-avatar flex h-8 w-8 items-center justify-center overflow-hidden rounded-full\">\n<p class=\"relative p-1 rounded-sm flex items-center justify-center bg-token-main-surface-primary text-token-text-primary h-8 w-8\"><span style=\"color: #383f47;\">Le studio offre un environnement exceptionnel pour exprimer votre cr\u00e9ativit\u00e9. Gr\u00e2ce \u00e0 ses plus de 4 m\u00e8tres de hauteur sous plafond, chaque mouvement prend une nouvelle dimension.<\/span><\/p>\n<\/div>\n<\/div>\n<\/div>\n<div class=\"group\/conversation-turn relative flex w-full min-w-0 flex-col agent-turn\">\n<div class=\"flex-col gap-1 md:gap-3\">\n<div class=\"flex max-w-full flex-col flex-grow\">\n<div class=\"min-h-8 text-message flex w-full flex-col items-end gap-2 whitespace-normal break-words [.text-message+&amp;]:mt-5\" dir=\"auto\" data-message-author-role=\"assistant\" data-message-id=\"204c917b-c2a1-40f7-b752-bd184c654c0e\" data-message-model-slug=\"gpt-4o\">\n<div class=\"flex w-full flex-col gap-1 empty:hidden first:pt-[3px]\">\n<div class=\"markdown prose w-full break-words dark:prose-invert light\">\n<p><span style=\"color: #383f47;\">Vous y trouverez un espace lumineux et a\u00e9r\u00e9, avec une charpente en m\u00e9tal et un parquet chaleureux. Pour votre confort, 3 douches, un grand vestiaire et un espace d\u2019accueil avec cuisine am\u00e9nag\u00e9e sont \u00e0 votre disposition, parfait&nbsp;pour vous relaxer avant le cours.<\/span><\/p>\n<p><span style=\"color: #383f47;\">Pens\u00e9 pour vous, <span style=\"color: #968cbe;\"><strong>L&rsquo;Atelier de Manon<\/strong><\/span> est un lieu o\u00f9 vous pouvez vous sentir \u00e0 l&rsquo;aise, en confiance, et donner le meilleur de vous-m\u00eame sur la barre.<\/span><\/p>\n<\/div>\n<\/div>\n<\/div>\n<\/div>\n<\/div>\n<\/div>\n<p>[\/vc_column_text][vc_btn title=\u00a0\u00bbD\u00e9couvrez le planning\u00a0\u00bb color=\u00a0\u00bbmulled-wine\u00a0\u00bb align=\u00a0\u00bbcenter\u00a0\u00bb link=\u00a0\u00bburl:https%3A%2F%2Fpoledancebeziers.com%2Findex.php%2Fplanning%2F|title:D%C3%A9couvrez%20le%20planning|target:_blank\u00a0\u00bb css=\u00a0\u00bb.vc_custom_1730582765541{margin-top: 20px !important;}\u00a0\u00bb][\/vc_column][\/vc_row]<\/p>\n","protected":false},"excerpt":{"rendered":"<p>[vc_row][vc_column][vc_column_text] L&rsquo;atelier [\/vc_column_text][\/vc_column][\/vc_row][vc_row css=\u00a0\u00bb.vc_custom_1622469627611{margin-top: 20px !important;}\u00a0\u00bb][vc_column][vc_images_carousel images=\u00a0\u00bb3608,3607,3606,3609,3610,3615,3611,3614,3612,3613&Prime; img_size=\u00a0\u00bbfull\u00a0\u00bb speed=\u00a0\u00bb2000&Prime; autoplay=\u00a0\u00bbyes\u00a0\u00bb wrap=\u00a0\u00bbyes\u00a0\u00bb][\/vc_column][\/vc_row][vc_row css=\u00a0\u00bb.vc_custom_1608216194489{padding-top: 30px !important;}\u00a0\u00bb][vc_column][vc_column_text] L&rsquo;Atelier de Manon, \u00e0 seulement 5 minutes du centre-ville de B\u00e9ziers, au c\u0153ur de la ZAC Mercorent, est le plus grand studio du sud de la [&hellip;]<\/p>\n","protected":false},"author":1,"featured_media":0,"parent":0,"menu_order":0,"comment_status":"closed","ping_status":"closed","template":"","meta":{"footnotes":""},"class_list":["post-2668","page","type-page","status-publish","hentry"],"_links":{"self":[{"href":"https:\/\/poledancebeziers.com\/index.php\/wp-json\/wp\/v2\/pages\/2668","targetHints":{"allow":["GET"]}}],"collection":[{"href":"https:\/\/poledancebeziers.com\/index.php\/wp-json\/wp\/v2\/pages"}],"about":[{"href":"https:\/\/poledancebeziers.com\/index.php\/wp-json\/wp\/v2\/types\/page"}],"author":[{"embeddable":true,"href":"https:\/\/poledancebeziers.com\/index.php\/wp-json\/wp\/v2\/users\/1"}],"replies":[{"embeddable":true,"href":"https:\/\/poledancebeziers.com\/index.php\/wp-json\/wp\/v2\/comments?post=2668"}],"version-history":[{"count":36,"href":"https:\/\/poledancebeziers.com\/index.php\/wp-json\/wp\/v2\/pages\/2668\/revisions"}],"predecessor-version":[{"id":3879,"href":"https:\/\/poledancebeziers.com\/index.php\/wp-json\/wp\/v2\/pages\/2668\/revisions\/3879"}],"wp:attachment":[{"href":"https:\/\/poledancebeziers.com\/index.php\/wp-json\/wp\/v2\/media?parent=2668"}],"curies":[{"name":"wp","href":"https:\/\/api.w.org\/{rel}","templated":true}]}}