{"id":2566,"date":"2020-11-13T15:05:07","date_gmt":"2020-11-13T14:05:07","guid":{"rendered":"https:\/\/poledancebeziers.com\/?page_id=2566"},"modified":"2025-02-16T18:27:56","modified_gmt":"2025-02-16T17:27:56","slug":"formation-professionnelle","status":"publish","type":"page","link":"https:\/\/poledancebeziers.com\/index.php\/formation-professionnelle\/","title":{"rendered":"Formation professionnelle"},"content":{"rendered":"<p>[vc_row][vc_column][vc_column_text]<\/p>\n<h1><span style=\"color: #cb977f;\">Formation professionnelle<\/span><br \/>\n<span style=\"color: #cb977f;\">par Manon Agard<\/span><\/h1>\n<p>[\/vc_column_text][\/vc_column][\/vc_row][vc_row css=\u00a0\u00bb.vc_custom_1610200454460{margin-top: 20px !important;}\u00a0\u00bb][vc_column][vc_single_image image=\u00a0\u00bb5379&Prime; img_size=\u00a0\u00bbfull\u00a0\u00bb alignment=\u00a0\u00bbcenter\u00a0\u00bb][\/vc_column][\/vc_row][vc_row][vc_column][vc_column_text]<\/p>\n<p dir=\"ltr\"><span style=\"color: #383f47;\">La Pole Dance est une <span style=\"color: #968cbe;\"><strong>discipline en pleine expansion<\/strong><\/span>, attirant de plus en plus de passionn\u00e9s en France et \u00e0 l&rsquo;international.<\/span><\/p>\n<p dir=\"ltr\"><span style=\"color: #383f47;\">Cet int\u00e9r\u00eat croissant a conduit \u00e0 <span style=\"color: #968cbe;\"><strong>l&rsquo;ouverture de nombreuses \u00e9coles<\/strong><\/span>, ce qui a cr\u00e9\u00e9 <span style=\"color: #968cbe;\"><strong>un besoin in\u00e9vitable de se former<\/strong>.<\/span><\/span><\/p>\n<p dir=\"ltr\"><span style=\"color: #383f47;\"><strong><span style=\"color: #968cbe;\">La Formation de Manon vise \u00e0 aider les nouveaux professeurs et chefs d\u2019entreprises<\/span><\/strong> \u00e0 d\u00e9velopper leur pratique p\u00e9dagogique, \u00e0 structurer l\u2019enseignement de mani\u00e8re coh\u00e9rente et professionnelle tout en garantissant la s\u00e9curit\u00e9.<\/span><\/p>\n<p dir=\"ltr\"><span style=\"color: #383f47;\">De 2018 \u00e0 2024, Manon a eu l&rsquo;opportunit\u00e9 pr\u00e9cieuse d&rsquo;\u00eatre formatrice au sein de la <span style=\"color: #968cbe;\"><strong>Formation de Mariana BAUM.\u00a0<\/strong><\/span><\/span><\/p>\n<p dir=\"ltr\"><span style=\"color: #383f47;\">Forte de cette exp\u00e9rience et de ces 13 ann\u00e9es d\u2019enseignement, elle d\u00e9cide aujourd\u2019hui de cr\u00e9er sa propre formation pour mettre en avant <span style=\"color: #968cbe;\"><strong>l&rsquo;importance de l&rsquo;enseignement de la Pole Dance.<\/strong><\/span><\/span><\/p>\n<p dir=\"ltr\"><span style=\"color: #383f47;\">C\u2019est \u00e0 la fois <strong><span style=\"color: #968cbe;\">un sport et un art<\/span><\/strong> qui permet de <span style=\"color: #968cbe;\"><strong>s&rsquo;exprimer librement et de l\u00e2cher prise<\/strong><\/span> (sans mauvais jeu de mots \ud83d\ude09).\u00a0<\/span><\/p>\n<p dir=\"ltr\"><span style=\"color: #383f47;\"><span style=\"color: #968cbe;\"><strong>La Pole Dance se pratique dans de nombreux contextes<\/strong><\/span> : du loisir \u00e0 la comp\u00e9tition, du niveau amateur jusqu\u2019\u00e0 l\u2019\u00e9lite, en passant par le cirque, les spectacles drag, les arts martiaux chinois, l\u2019effeuillage, la danse contemporaine, les enterrements de vie de jeune gents, et m\u00eame dans les bars et clubs proposant des shows, etc.<\/span><\/p>\n<p dir=\"ltr\"><span style=\"color: #383f47;\">Bref, vous l\u2019aurez compris : <strong><span style=\"color: #968cbe;\">chacun a sa propre fa\u00e7on de pratiquer la Pole Dance<\/span><\/strong>, selon son v\u00e9cu et ses affinit\u00e9s et c&rsquo;est ce qui fait <strong><span style=\"color: #968cbe;\">la richesse de ce sport.<\/span><\/strong><\/span><\/p>\n<p><span style=\"color: #383f47;\">Pas de panique ! Vous n\u2019avez pas besoin d&rsquo;exceller dans tous ces domaines pour devenir professeur ; cette formation vous aidera \u00e0 d\u00e9couvrir <strong><span style=\"color: #968cbe;\">vos points forts et votre style d&rsquo;enseignement.<\/span><\/strong><\/span>[\/vc_column_text][vc_row_inner][vc_column_inner][vc_column_text]<\/p>\n<h3 style=\"text-align: center;\"><span style=\"color: #9e8185;\">Vous envisagez une carri\u00e8re en tant que professeur de pole dance ?<\/span><\/h3>\n<p>[\/vc_column_text][vc_btn title=\u00a0\u00bbVisitez notre site enti\u00e8rement consacr\u00e9 \u00e0 la formation !\u00a0\u00bb color=\u00a0\u00bbmulled-wine\u00a0\u00bb align=\u00a0\u00bbcenter\u00a0\u00bb link=\u00a0\u00bburl:https%3A%2F%2Fwww.formationfrancaisepoledance.com%2F|target:_blank\u00a0\u00bb css=\u00a0\u00bb.vc_custom_1739721611619{padding-top: 20px !important;}\u00a0\u00bb][\/vc_column_inner][\/vc_row_inner][\/vc_column][\/vc_row][vc_row equal_height=\u00a0\u00bbyes\u00a0\u00bb][vc_column width=\u00a0\u00bb1\/3&Prime;][vc_single_image image=\u00a0\u00bb5054&Prime; img_size=\u00a0\u00bbfull\u00a0\u00bb][\/vc_column][vc_column width=\u00a0\u00bb1\/4&Prime;][vc_single_image image=\u00a0\u00bb5056&Prime; img_size=\u00a0\u00bbfull\u00a0\u00bb][\/vc_column][vc_column width=\u00a0\u00bb1\/3&Prime;][vc_single_image image=\u00a0\u00bb5055&Prime; img_size=\u00a0\u00bbfull\u00a0\u00bb][\/vc_column][\/vc_row]<\/p>\n","protected":false},"excerpt":{"rendered":"<p>[vc_row][vc_column][vc_column_text] Formation professionnelle par Manon Agard [\/vc_column_text][\/vc_column][\/vc_row][vc_row css=\u00a0\u00bb.vc_custom_1610200454460{margin-top: 20px !important;}\u00a0\u00bb][vc_column][vc_single_image image=\u00a0\u00bb5379&Prime; img_size=\u00a0\u00bbfull\u00a0\u00bb alignment=\u00a0\u00bbcenter\u00a0\u00bb][\/vc_column][\/vc_row][vc_row][vc_column][vc_column_text] La Pole Dance est une discipline en pleine expansion, attirant de plus en plus de passionn\u00e9s en France et \u00e0 l&rsquo;international. Cet int\u00e9r\u00eat croissant a conduit \u00e0 [&hellip;]<\/p>\n","protected":false},"author":1,"featured_media":0,"parent":0,"menu_order":0,"comment_status":"closed","ping_status":"closed","template":"","meta":{"footnotes":""},"class_list":["post-2566","page","type-page","status-publish","hentry"],"_links":{"self":[{"href":"https:\/\/poledancebeziers.com\/index.php\/wp-json\/wp\/v2\/pages\/2566","targetHints":{"allow":["GET"]}}],"collection":[{"href":"https:\/\/poledancebeziers.com\/index.php\/wp-json\/wp\/v2\/pages"}],"about":[{"href":"https:\/\/poledancebeziers.com\/index.php\/wp-json\/wp\/v2\/types\/page"}],"author":[{"embeddable":true,"href":"https:\/\/poledancebeziers.com\/index.php\/wp-json\/wp\/v2\/users\/1"}],"replies":[{"embeddable":true,"href":"https:\/\/poledancebeziers.com\/index.php\/wp-json\/wp\/v2\/comments?post=2566"}],"version-history":[{"count":103,"href":"https:\/\/poledancebeziers.com\/index.php\/wp-json\/wp\/v2\/pages\/2566\/revisions"}],"predecessor-version":[{"id":5382,"href":"https:\/\/poledancebeziers.com\/index.php\/wp-json\/wp\/v2\/pages\/2566\/revisions\/5382"}],"wp:attachment":[{"href":"https:\/\/poledancebeziers.com\/index.php\/wp-json\/wp\/v2\/media?parent=2566"}],"curies":[{"name":"wp","href":"https:\/\/api.w.org\/{rel}","templated":true}]}}